 l be 2*a*12/(-18). Calculate the highest common factor of 19 and l.
19
Let r = -96 - -105. What is the greatest common divisor of r and 6?
3
Suppose y - 6 = -4. Let n be 50/4 + y/4. What is the greatest common divisor of n and 104?
13
Let p(w) = 9*w**2 - w + 1. Let n be p(2). Suppose -2*r = 3 - n. What is the highest common factor of r and 24?
8
Let u be 535/35 + (-2)/7. What is the greatest common factor of 6 and u?
3
Let a be ((-158)/6 + (-21)/(-63))*-2. What is the highest common divisor of a and 130?
26
Let c = -18 + 8. Let x = 0 - c. Let u be (-76)/(-10) + 4/x. Calculate the greatest common divisor of 88 and u.
8
Suppose -6 = 5*s - 8*s. Let d = -1 + s. Let o be ((-14)/(-6))/((-3)/(-9)). What is the greatest common factor of d and o?
1
Let r = 5 + -1. Let q = r + 7. Let g = 25 - q. Calculate the highest common factor of 112 and g.
14
Suppose 0*i - 33 = -3*i + 3*p, -50 = -5*i + 4*p. Calculate the greatest common factor of 15 and i.
3
Suppose f = 5*h - 4*f - 130, -h + 24 = -2*f. Calculate the highest common factor of h and 70.
14
Let v = 39 + -9. Calculate the greatest common divisor of 6 and v.
6
Let m = 168 - 63. Calculate the highest common divisor of m and 15.
15
Suppose -12 = 4*t + 20. Let h = -4 - t. Suppose -24 + 128 = h*g. What is the highest common divisor of g and 65?
13
Let b be 1798/5 + 4/10. Suppose -y = 3*y - b. Suppose 2*x + 2*s - 30 = 0, 5*x - 2*s + 1 - 76 = 0. Calculate the greatest common factor of x and y.
15
Let s = -13 - -13. Suppose -4*y + 12 = s, 3*y - 4 = u - 0. What is the highest common divisor of 20 and u?
5
Let d = -34 - -43. What is the greatest common factor of 6 and d?
3
Suppose v + 6 = -4*z, z = -4*v + 2*v + 2. Let w be z/((-1)/25*1). Calculate the highest common factor of w and 20.
10
Let i(h) = -21*h**3 + 2*h + 1. Let n be i(-1). Let p be (-636)/(-21) + (-6)/21. What is the highest common divisor of p and n?
10
Let x(a) = a**2 - 7*a - 2. Let s(p) = -p - 1. Let v be s(-8). Let g be x(v). Let l = g - -5. Calculate the highest common divisor of 15 and l.
3
Let b(h) = -2*h**3 + 14*h**2 + h + 11. Let t be b(7). Let l(c) = 2*c**3 - 5*c**2 - 3*c. Let x be l(4). Calculate the highest common divisor of x and t.
18
Let q(p) = -p**2 - 8*p + 1. Let g be q(-5). Let k = g + -8. What is the greatest common divisor of k and 20?
4
Let b = 60 - 33. Let q be (-21)/(-27) + 6/b. Calculate the greatest common divisor of 8 and q.
1
Suppose 2*x - 5 = 21. Let u = -7 + 20. What is the greatest common factor of u and x?
13
Let d(n) = n**2 - 3*n. Let l be d(3). Suppose l*x = 2*x + 2. Let s be 55/(-15)*3/x. What is the greatest common divisor of 99 and s?
11
Let s(w) = 4*w - 1. Let r be s(4). What is the greatest common factor of 60 and r?
15
Let t be -3*(-6)/27*3. Let v be 66*1*t/4. Calculate the greatest common factor of v and 3.
3
Let v(l) = 2*l - 14. Let p be v(11). Let y(f) = 2*f**2 - 6*f - 8. Suppose -2*d + 10 + 6 = 0. Let t be y(d). Calculate the greatest common divisor of t and p.
8
Suppose c = -c + 38. Calculate the greatest common factor of c and 38.
19
Let s be (-616)/(-35) - (-4)/10. Let o = 18 + -12. Calculate the greatest common factor of s and o.
6
Let s be 36/2*(-3)/(-6). Let a be 29/s - (-4)/(-18). What is the highest common factor of a and 3?
3
Let b = 0 + 4. Suppose b*l - 18 = 6. What is the highest common divisor of l and 3?
3
Let c = 157 - 92. What is the greatest common factor of c and 5?
5
Suppose -3*l - 5*g = -8*l + 1315, -5*l - 2*g = -1322. Calculate the greatest common factor of 24 and l.
24
Let t = -10 - -30. Let m(i) = 8*i**2 - i - 1. Suppose 2*p + 5*s = 23, 0 = 5*s - s - 20. Let l be m(p). What is the greatest common factor of l and t?
4
Suppose y + 5*i - 86 = -2*y, 2*y - 5*i = 24. What is the highest common factor of 11 and y?
11
Suppose -f = -2*f + 72. Let l(w) = -w**3 + 8*w**2 - 9*w + 1. Let y be l(4). Let b = y + -21. What is the greatest common factor of f and b?
8
Suppose 8*n = 5*n + 96. Calculate the greatest common divisor of 40 and n.
8
Suppose 3*i + 22 = 4*z, 2*i = -5*z - i + 14. Let d be 1296/132 + (-4)/(-22). What is the highest common divisor of z and d?
2
Suppose 4*z + 30 = 9*z. What is the greatest common divisor of z and 4?
2
Let s be (-680)/(-18) - (-12)/54. Suppose 3*c - 9 = 4*j - 0*j, s = 5*c + j. Let r be 54/c + 2/7. Calculate the highest common divisor of 8 and r.
8
Let b be (-2 - 31)/(9/(-24)). What is the greatest common factor of b and 8?
8
Suppose -k + 24 = 3*k. Let g = 61 - -23. Suppose q - 3*q = -g. Calculate the highest common factor of q and k.
6
Suppose 10 = g - 2. What is the highest common factor of 12 and g?
12
Let j(f) = f**3 + f + 8. Let m be j(0). What is the greatest common factor of 40 and m?
8
Suppose -5*t + 3 = -2, o = -4*t + 52. Calculate the greatest common divisor of o and 3.
3
Let l be 4/((-9)/((-180)/8)). What is the highest common factor of l and 90?
10
Suppose 6 - 24 = 2*x. Let b(z) = z + 11. Let h be b(x). Suppose h*g - 16 = -0*g - k, k = 3*g - 24. Calculate the greatest common factor of g and 56.
8
Suppose 2*f + 3*n - 1023 = 0, f + 2*n + 181 = 695. What is the highest common divisor of f and 56?
56
Let r(c) = 5*c + 3 + c**3 - 4*c - 5*c**2 - 2. Let f be r(5). Let z = 15 - f. Calculate the highest common divisor of 18 and z.
9
Suppose -4*v - 1 = -21, -v = 4*x - 25. Suppose -j - 3 = g - 12, x*g - j - 69 = 0. Calculate the greatest common factor of g and 104.
13
Let k be (4 - 14)/(2/(-10)). Let d = k - 24. What is the highest common divisor of 13 and d?
13
Let w = -89 - -121. What is the highest common factor of w and 24?
8
Suppose -7*h = -5*h - 2. Calculate the greatest common divisor of 11 and h.
1
Suppose 18*i = 13*i + 605. What is the highest common divisor of i and 11?
11
Let i = 9 + -7. Let o(y) = 3*y**2 - 4*y + 3. Let x be o(i). What is the greatest common factor of 49 and x?
7
Suppose k + 0*k + 3*w + 1 = 0, -3*k - w = -13. Suppose 2*j - 10 = -3*j. Calculate the greatest common divisor of k and j.
1
Suppose 59*v - 2 = 57*v. Let g be (14/6)/(1/3). What is the greatest common factor of v and g?
1
Let n be 4/(-6) - (-187)/33. Let j be (-9)/(-4)*(n - 1). What is the highest common factor of 36 and j?
9
Let q = 0 - -7. Suppose h - 20 = 4*a + 12, 0 = 3*h - 3*a - 87. Calculate the highest common divisor of h and q.
7
Let j = 23 - -9. Suppose 2*g - 194 = -n, 0*n = -g - 3*n + 102. Calculate the greatest common factor of g and j.
32
Suppose -s = -t - 100 + 35, -4*t + 65 = s. Suppose -5*p - o = -86, 4*p = 3*o - 0*o + s. Calculate the greatest common divisor of 153 and p.
17
Let b(n) be the first derivative of n**3/3 + n**2/2 - 5*n - 4. Let m be b(-5). What is the highest common divisor of 3 and m?
3
Let t = 22 - 17. Let b be (-5 + (t - 1))*-17. Calculate the greatest common divisor of 119 and b.
17
Suppose 14 = -4*c + 3*c. Let y be 28/c - (-124)/2. Calculate the greatest common factor of 15 and y.
15
Let c be (-1)/(-2) - 278/(-4). Suppose 3*z - 42 + 21 = 0. Calculate the highest common divisor of z and c.
7
Suppose 3*x + 5*o + 275 = 8*x, 0 = 5*x - o - 259. Let r(a) = 2*a + 5. Let y be r(6). What is the highest common factor of x and y?
17
Suppose b - 85 - 59 = 0. Suppose -3*s + b = -s. Suppose -3*x - 36 = -7*x. Calculate the greatest common divisor of x and s.
9
Suppose -d + 34 = -2*d. Suppose 5*t + 5*b = 310, -2*b = 5*t - 3*b - 322. Let g = t + d. Calculate the highest common factor of 12 and g.
6
Suppose 77 - 269 = -12*m. Let q = -20 - -148. Calculate the greatest common factor of q and m.
16
Let w(x) = -x**2 + 14*x - 4. Let n be w(12). What is the greatest common factor of 5 and n?
5
Let i be 14/112 - 23/(-8). Suppose i*o = -4*w - 2*o + 18, 5*w = -2*o + 14. Calculate the highest common divisor of w and 20.
2
Let m(h) = 7*h + 32. Let p be m(-4). What is the highest common divisor of 8 and p?
4
Let y be (-385)/9 - 2/9. Let r = y - 99. Let z be r/(-10) + 7/(-35). What is the highest common divisor of z and 2?
2
Let x = 23 + -22. Let k be (-4)/x - 56/(-2). Calculate the greatest common factor of k and 6.
6
Let k(f) = 163*f**3 + 3*f**2 - 3*f + 1. Let a be k(1). Calculate the highest common divisor of 41 and a.
41
Suppose -3*l + 0 + 30 = 0. What is the highest common divisor of l and 110?
10
Let u = 48 + -20. Calculate the greatest common factor of u and 56.
28
Let